 y be v(5). Is ((-28)/y)/(2/(-6635)) a prime number?
True
Suppose 17*l - 4*i - 2206501 = 0, 0 = -3*l + i + 476895 - 87511. Is l a composite number?
False
Let b(c) = c**3 - 5*c**2 + 4*c - 7. Let u be b(3). Let q = 13 + u. Suppose -206 = -2*h - q*h. Is h composite?
False
Suppose 0*m = m - 2*q - 11, 2*q + 25 = 3*m. Let r(x) = -19 - 14 + 399*x + 83. Is r(m) a prime number?
True
Is (0 + 1)/(8/12 - 564310/846474) a prime number?
True
Let l = -282430 + 530369. Is l a prime number?
True
Let z = 41 - 25. Let c be (-2530)/6 - (z/(-12))/(-4). Is c/(-3)*(-3)/(-2) composite?
False
Suppose -b + 2*w + 2 = 0, 0*w = b - 4*w - 10. Let s be 1 + b - 2237 - (0 + 2). Let n = -1337 - s. Is n prime?
True
Suppose 0 = -9*o + 4*o + 5*p + 30, 0 = 2*o - 4*p - 22. Let d be o - -1 - 728/(-8). Suppose i = 4*i - d. Is i prime?
True
Is (-278164)/(5 + -7) + 4/(-12)*3 a prime number?
False
Suppose -r - 2*r = -2*g + 34, 10 = 5*r. Suppose 9*a - g = -a. Suppose 0 = i - 5*b - 0*b - 758, a*i = 2*b + 1492. Is i prime?
True
Let p be 2/(2*(-2)/(-8)). Let v = 4125 + -3675. Suppose v = p*z - 730. Is z composite?
True
Let b(r) = -55*r + 26. Let h be b(12). Let g = 1015 + h. Suppose -g = -0*p - p. Is p a composite number?
True
Let v(p) = 490*p + 98. Let i be v(-26). Is -37 - i - (-12)/2 a prime number?
True
Let o be 75 - 2 - 4 - 5. Suppose -5*u + 4*n + n = 170, -u - o = 5*n. Is (u + 35)*794/(-8) a prime number?
True
Suppose 5*p = 20, 0*p - 610 = -c - p. Suppose n + 0*k = 5*k + c, 2*n - 1287 = -5*k. Is n a composite number?
False
Suppose 9*x + 56795 - 265082 = 0. Is x prime?
True
Let g(p) = 2256*p**2 + 4*p + 1. Let b(f) = -18*f - 286. Let c be b(-16). Is g(c) a composite number?
True
Let p = -8313 - -8319. Let b(c) be the second derivative of c**5/4 + 5*c**4/12 + 7*c**3/3 - 7*c**2/2 + c. Is b(p) a composite number?
True
Suppose 0 = -16*s + 3*s - 52. Let g(b) = -74*b**3 - 5*b**2 + 13*b + 17. Is g(s) a prime number?
True
Let p be 8/(-12) - (-1 - 15/9). Suppose p*c + 9 = 5. Is -3 - (325*c + 0) a composite number?
False
Is 3152598/38 - 22/209 a prime number?
True
Suppose 40 = 4*f - r + 4*r, 3*f - 1 = 5*r. Let s(c) = 149*c + 24. Is s(f) prime?
False
Suppose 0 = 62*l - 110*l + 566256. Is l prime?
False
Let k be 3/7 - 75/(-21). Let j(l) = -5*l**2 - 8*l - 39. Let v(g) = 3*g**2 + 4*g + 19. Let u(h) = k*j(h) + 7*v(h). Is u(22) composite?
False
Is (1 + (13861 + 2)*-9)*(-3)/2 prime?
False
Suppose 0 = -6*l + 4*l + s + 973, -5*l + s + 2437 = 0. Suppose 0 = 486*k - l*k + 27106. Is k prime?
True
Let y be (-2 + -3015)*(-24)/6. Suppose -23*d + y = -9*d. Is d composite?
True
Let r(l) = -5*l**3 + 288*l**2 + 143*l + 61. Is r(54) composite?
False
Let k be (-63 - -62)/((-1)/2 - 0). Suppose 4*b - 3447 + 865 = -2*g, 12 = 4*g. Suppose 1950 - b = k*y. Is y a composite number?
False
Let d(t) = -t - 12. Let w be d(-5). Let l be 2*(0 - w) - 2. Let z(p) = p**2 - 6*p - 13. Is z(l) prime?
True
Suppose 2336307 = 40*k - 5627413. Is k a composite number?
True
Let f be 4056/(-16)*4/(-6). Let z(y) = 5*y**3 + 10*y**2 + 2*y + 9. Let x be z(-3). Let a = x + f. Is a a composite number?
False
Let n = 75 + -71. Suppose 0 = -o + 2*o + n*h - 669, 3*o - 2014 = -5*h. Is o a composite number?
False
Suppose 2*t + 10 = 4*z, t + 9 - 10 = 0. Suppose 0 = m + 14*i - 13*i - 263, 0 = z*m - i - 789. Is m composite?
False
Suppose 0 = -6*w - 42, 3*p - 712276 = -2*p + 3*w. Is p composite?
True
Let k(d) = 17485*d - 83. Is k(24) prime?
True
Is ((-1500651)/(-6) - 0) + (-3)/(-6) a composite number?
False
Let u = 2128 - -5765. Let m = -1294 + u. Is m composite?
False
Is 5668094/15 + -12 + -1 + 1176/90 prime?
True
Let p(h) = 35*h**3 - 155*h**2 - 41*h - 111. Is p(26) a prime number?
True
Let n(f) = 5*f**2 + 3*f - 3. Let d be n(1). Suppose 5*j - 169301 = -2*t, d*j - 169309 = 8*t - 6*t. Is j composite?
True
Let l be 7 - -12*(-56)/32. Is 182349/21 - (-4)/l composite?
True
Let f(i) be the first derivative of 107*i**4/24 + 11*i**3/6 + 9*i**2 - 20. Let b(j) be the second derivative of f(j). Is b(1) composite?
True
Let a = -588262 + 825663. Is a a prime number?
True
Let g = 36139 + 242184. Is g a prime number?
False
Let v(i) = 754*i - 635. Is v(28) composite?
False
Let o be 5 - -4*(3 - 17). Is ((-34)/o)/(4/18042) prime?
False
Let c be 3/(-9) + (-10)/6. Let a be (1 - 36/6)*c/5. Suppose -56 = -a*i - 5*s, 5*i + 4*s = 3*s + 163. Is i prime?
False
Suppose 0 = 5*j + 5*z - 60230, 2*z + 1875 = j - 10174. Suppose -10*s + 10863 = -j. Is s prime?
False
Let p be (-8 + 9)*1/((-1)/(-3)). Suppose 22821 = 3*y - 3*f, -p*y + 78*f - 80*f = -22831. Is y a composite number?
True
Suppose -2126306 = -50*t + 832344. Is t a composite number?
True
Let z = -1092 + 61903. Is z a prime number?
True
Suppose 0 = d - 2*v - v - 5348, 5*d - 3*v - 26728 = 0. Suppose -5*t + b + d = 0, 2*t - 2138 = 3*b + 2*b. Is t prime?
True
Suppose 4*t - 11 = -5*j + 7, -33 = -5*j + t. Suppose 5832 + 4434 = j*r. Is r a composite number?
True
Let q be (-27)/((-891)/16626) + 2/11. Suppose -5*g = -g - 4*v - q, -131 = -g + 2*v. Is g composite?
True
Suppose 5*w + 69000 = -7*w. Let j = -2325 - w. Let b = j + -2262. Is b a composite number?
False
Let j(c) = -4*c - 30. Let b be j(-17). Let l = -34 + b. Suppose 4*d = -2*g + 7*d + 655, -l*g = 5*d - 1277. Is g a composite number?
True
Suppose 2*q - 5*q + 3*i - 3915 = 0, 0 = -3*q - 5*i - 3883. Let h = q + 2586. Is h a prime number?
False
Suppose 2*n = -2*v + 8164 - 27140, 5*n = 3*v - 47432. Let b = 16086 + n. Is b composite?
False
Let l(a) = -a**2 - 15*a + 40. Let w = 68 - 85. Let p be l(w). Let h(z) = 92*z - 1. Is h(p) prime?
False
Suppose 0 = 46*b - 3279197 - 601317. Is b composite?
True
Suppose 0 = 3*g - 6 + 27, 0 = 2*f + 4*g - 613366. Is f composite?
True
Let u(t) = 6*t**3 + t**2 + 10*t - 1. Let r = -702 + 706. Is u(r) composite?
False
Is (-2081721)/(-15) + (24/(-90))/((-2)/(-3)) composite?
True
Let c = -66 + 73. Is (1/(-3))/(c/(-52458)) a prime number?
False
Let y = 965119 - 467252. Is y composite?
False
Let b be (-336)/(-63)*(5878/4 + -1). Suppose 0*h + 7856 = -4*h - i, -4*h = -5*i + b. Is 4 + 2 + h/(-1) prime?
False
Let t(c) = c - 15. Let s be t(19). Let g be (8/14)/((-3)/(-42)*s). Suppose -4*w = 2*k - 2270 - 712, g*k = 3*w - 2240. Is w prime?
False
Let m(c) be the second derivative of 8*c**5/5 - c**4/6 + c**3/6 + 3*c + 2. Suppose 0 - 2 = -2*u. Is m(u) composite?
False
Suppose 4*t = -3*n + 165949, 0 = -3*n + t + 251628 - 85714. Is n composite?
True
Suppose 2*m - 15128 - 36560 = 0. Let a = m + -14787. Is a prime?
True
Let t(o) = 16*o**3 + 2*o**2 + 3*o + 3. Let u be t(-2). Let b = u + 584. Suppose 3*s + 1106 = 2*d, -3*d + 4*s + b = -1198. Is d a composite number?
True
Let w(b) = -84025*b - 581. Is w(-4) a composite number?
False
Suppose 2 = 14*i - 13*i. Suppose -18 = -5*f + i. Suppose r = f*r - 2667. Is r prime?
False
Let w(i) = -14455*i + 2535. Is w(-46) a composite number?
True
Suppose -2*b - 2442 = -b + 3*g, -5*g - 9768 = 4*b. Let y = -4198 - b. Let v = 3117 + y. Is v a composite number?
False
Let j(m) = 220*m**3 + 2*m**2 + 4*m - 3. Let r be j(3). Suppose -2*w - t = -6, 18 = 5*t + 38. Suppose -p - i = -0*i - r, -w*p = 4*i - 29839. Is p prime?
False
Let x be (13/5 - 4)*1*-5. Let u(c) = -c**2 + 8*c - 5. Let y be u(x). Suppose -y*t - k = 2*k - 982, 2*t = 4*k + 982. Is t a composite number?
False
Suppose 2*m + o = -138, 3*o + 63 = -m + o. Let i be (11/(-1) + 0)*m - 2. Suppose -3*a = 5*l - 3823, 7*a - 4*a = l - i. Is l prime?
False
Let j(i) = i + 11. Let s be (-50)/6 + 14/42. Let o be j(s). Suppose o*l - 2789 = -344. Is l a prime number?
False
Let q(z) = -z**3 - 9*z**2 + z + 27. Let p be q(-9). Is (p/4)/(6/1964) composite?
True
Let m = 2652 + 6475. Is m a prime number?
True
Let g = -38686 - -91047. Is g composite?
False
Is 1481728*1 - (-27 - -65 - 45) composite?
True
Let v be (12/(-18))/(2/(-9)). Suppose v*s = -c + 29, -97 = -5*c - 0*s + s. Is -3 + (-6184)/10*c/(-8) a composite number?
False
Suppose -2 - 6 = -4*h. Suppose 3*z + 0*m - 3*m = 30, -4 = h*z + 4*m. Suppose 4772 = -z*d + 10*d. Is d prime?
True
Let l = 504 - -130. Let u(z) = 44*z + 15. Let t be u(6). Let n = l - t. Is n composite?
True
Is (1/((-2)/(-4)))/((-2)/(-145751)) a composite number?
True
Let l(n) = -n**2 + n + 8. Let m be l(3). Suppose -4*x - 5*s = 20, -2*x + 4*s = m - 18. Suppose x*y = -y + 797. Is y a 